{"id":739,"date":"2024-05-21T09:03:54","date_gmt":"2024-05-21T12:03:54","guid":{"rendered":"https:\/\/www.fegimeacademy.es\/sitio\/?page_id=739"},"modified":"2024-05-24T02:22:21","modified_gmt":"2024-05-24T05:22:21","slug":"para-quien","status":"publish","type":"page","link":"https:\/\/www.fegimeacademy.es\/sitio\/nosotros\/para-quien\/","title":{"rendered":"\u00bfPara qui\u00e9n?"},"content":{"rendered":"\n<div style=\"height:40px\" aria-hidden=\"true\" class=\"wp-block-spacer\"><\/div>\n\n\n\n<div class=\"wp-block-columns is-layout-flex wp-container-4\">\n<div class=\"wp-block-column is-layout-flow\">\n<figure class=\"wp-block-image size-full is-resized\"><img decoding=\"async\" loading=\"lazy\" src=\"https:\/\/www.fegimeacademy.es\/sitio\/wp-content\/uploads\/2024\/05\/1.png\" alt=\"\" class=\"wp-image-747\" width=\"250\" height=\"250\"\/><\/figure>\n\n\n\n<h4 class=\"wp-block-heading has-accent-color has-text-color\"><strong>Comercial<\/strong><\/h4>\n\n\n\n<p><em><strong>T\u00e9cnicos, comerciales, soporte&#8230;<\/strong><\/em><br>Refuerza las bases y teor\u00eda en negociaciones y estrategia de ventas y atenci\u00f3n al cliente<\/p>\n<\/div>\n\n\n\n<div class=\"wp-block-column is-layout-flow\">\n<figure class=\"wp-block-image size-full is-resized\"><img decoding=\"async\" loading=\"lazy\" src=\"https:\/\/www.fegimeacademy.es\/sitio\/wp-content\/uploads\/2024\/05\/2-1.png\" alt=\"\" class=\"wp-image-748\" width=\"250\" height=\"250\"\/><\/figure>\n\n\n\n<h4 class=\"wp-block-heading has-accent-color has-text-color\">Administraci\u00f3n<\/h4>\n\n\n\n<p><em><strong>Facturaci\u00f3n, compras, clientes&#8230;<\/strong><\/em><br>Conoce las \u00fatlimas herramientas ofim\u00e1ticas o aprende a gestionar tu tiempo de forma eficiente.<\/p>\n<\/div>\n\n\n\n<div class=\"wp-block-column is-layout-flow\">\n<figure class=\"wp-block-image size-full is-resized\"><img decoding=\"async\" loading=\"lazy\" src=\"https:\/\/www.fegimeacademy.es\/sitio\/wp-content\/uploads\/2024\/05\/3-1.png\" alt=\"\" class=\"wp-image-749\" width=\"250\" height=\"250\"\/><\/figure>\n\n\n\n<h4 class=\"wp-block-heading has-accent-color has-text-color\">Inform\u00e1tica<\/h4>\n\n\n\n<p><strong><em>E-Commerce, sistemas, com&#8230;<\/em><\/strong><br>Adquiere los conocimientos de una nueva plataforma de programaci\u00f3n o sistema de gesti\u00f3n.<\/p>\n<\/div>\n<\/div>\n\n\n\n<div style=\"height:40px\" aria-hidden=\"true\" class=\"wp-block-spacer\"><\/div>\n\n\n\n<div class=\"wp-block-columns is-layout-flex wp-container-8\">\n<div class=\"wp-block-column is-layout-flow\">\n<figure class=\"wp-block-image size-full is-resized\"><img decoding=\"async\" loading=\"lazy\" src=\"https:\/\/www.fegimeacademy.es\/sitio\/wp-content\/uploads\/2024\/05\/4-1.png\" alt=\"\" class=\"wp-image-753\" width=\"250\" height=\"250\"\/><\/figure>\n\n\n\n<h4 class=\"wp-block-heading has-accent-color has-text-color\">Almac\u00e9n<\/h4>\n\n\n\n<p><strong><em>Pedidos, mostrador, env\u00edos&#8230;<\/em><\/strong><br>Mejora la gesti\u00f3n log\u00edstica y muestra una superior eficiencia con las mejores herramientas y t\u00e9cnicas.<\/p>\n<\/div>\n\n\n\n<div class=\"wp-block-column is-layout-flow\">\n<figure class=\"wp-block-image size-full is-resized\"><img decoding=\"async\" src=\"https:\/\/www.fegimeacademy.es\/sitio\/wp-content\/uploads\/2024\/05\/5-1.png\" alt=\"\" class=\"wp-image-754\" width=\"250\"\/><\/figure>\n\n\n\n<h4 class=\"wp-block-heading has-accent-color has-text-color\">Marketing<\/h4>\n\n\n\n<p><strong><em>Comunicaci\u00f3n, campa\u00f1as&#8230;<\/em><\/strong><br>Llega a tus clientes con una comunicaci\u00f3n m\u00e1s efectiva y con la imagen que quieres.<\/p>\n<\/div>\n\n\n\n<div class=\"wp-block-column is-layout-flow\">\n<figure class=\"wp-block-image size-full is-resized\"><img decoding=\"async\" loading=\"lazy\" src=\"https:\/\/www.fegimeacademy.es\/sitio\/wp-content\/uploads\/2024\/05\/6.png\" alt=\"\" class=\"wp-image-755\" width=\"250\" height=\"250\"\/><\/figure>\n\n\n\n<h4 class=\"wp-block-heading has-accent-color has-text-color\">Direcci\u00f3n<\/h4>\n\n\n\n<p><strong><em>Gerencia, gestor de compras&#8230;<\/em><\/strong><br>Mejora y supera tus m\u00e1ximas expectativas para liderar a tu equipo hacia un futuro brillante.<\/p>\n<\/div>\n<\/div>\n","protected":false},"excerpt":{"rendered":"<p>Comercial T\u00e9cnicos, comerciales, soporte&#8230;Refuerza las bases y teor\u00eda en negociaciones y estrategia de ventas y atenci\u00f3n al cliente Administraci\u00f3n Facturaci\u00f3n, compras, clientes&#8230;Conoce las \u00fatlimas herramientas ofim\u00e1ticas o aprende a gestionar tu tiempo de forma eficiente. Inform\u00e1tica E-Commerce, sistemas, com&#8230;Adquiere los conocimientos de una nueva plataforma de programaci\u00f3n o sistema de gesti\u00f3n. Almac\u00e9n Pedidos, mostrador, env\u00edos&#8230;Mejora &#8230; <a title=\"\u00bfPara qui\u00e9n?\" class=\"read-more\" href=\"https:\/\/www.fegimeacademy.es\/sitio\/nosotros\/para-quien\/\" aria-label=\"M\u00e1s en \u00bfPara qui\u00e9n?\">[+]<\/a><\/p>\n","protected":false},"author":1,"featured_media":0,"parent":289,"menu_order":1,"comment_status":"closed","ping_status":"closed","template":"","meta":[],"_links":{"self":[{"href":"https:\/\/www.fegimeacademy.es\/sitio\/wp-json\/wp\/v2\/pages\/739"}],"collection":[{"href":"https:\/\/www.fegimeacademy.es\/sitio\/wp-json\/wp\/v2\/pages"}],"about":[{"href":"https:\/\/www.fegimeacademy.es\/sitio\/wp-json\/wp\/v2\/types\/page"}],"author":[{"embeddable":true,"href":"https:\/\/www.fegimeacademy.es\/sitio\/wp-json\/wp\/v2\/users\/1"}],"replies":[{"embeddable":true,"href":"https:\/\/www.fegimeacademy.es\/sitio\/wp-json\/wp\/v2\/comments?post=739"}],"version-history":[{"count":3,"href":"https:\/\/www.fegimeacademy.es\/sitio\/wp-json\/wp\/v2\/pages\/739\/revisions"}],"predecessor-version":[{"id":792,"href":"https:\/\/www.fegimeacademy.es\/sitio\/wp-json\/wp\/v2\/pages\/739\/revisions\/792"}],"up":[{"embeddable":true,"href":"https:\/\/www.fegimeacademy.es\/sitio\/wp-json\/wp\/v2\/pages\/289"}],"wp:attachment":[{"href":"https:\/\/www.fegimeacademy.es\/sitio\/wp-json\/wp\/v2\/media?parent=739"}],"curies":[{"name":"wp","href":"https:\/\/api.w.org\/{rel}","templated":true}]}}